{"id":986,"date":"2016-12-05T09:13:21","date_gmt":"2016-12-05T08:13:21","guid":{"rendered":"http:\/\/www.rc-kosice.sk\/?page_id=986"},"modified":"2018-01-09T14:54:10","modified_gmt":"2018-01-09T13:54:10","slug":"2017-2","status":"publish","type":"page","link":"https:\/\/www.rc-kosice.sk\/?page_id=986","title":{"rendered":"2017"},"content":{"rendered":"<p><a href=\"http:\/\/www.rc-kosice.sk\/wp-content\/uploads\/2016\/12\/Objednavky-01-2017.pdf\">Objedn\u00e1vky 01 2017<br \/>\n<\/a><a href=\"http:\/\/www.rc-kosice.sk\/wp-content\/uploads\/2016\/12\/Objednavky-02-2017-c.1.pdf\">Objedn\u00e1vky 02 2017 \u010d.1<br \/>\n<\/a><a href=\"http:\/\/www.rc-kosice.sk\/wp-content\/uploads\/2016\/12\/Objednavky-02-2017-c.2.pdf\">Objedn\u00e1vky 02 2017 \u010d.2<br \/>\n<\/a><a href=\"http:\/\/www.rc-kosice.sk\/wp-content\/uploads\/2016\/12\/Objednavky-03-2017-c.1.pdf\">Objedn\u00e1vky 03 2017 \u010d.1<br \/>\n<\/a><a href=\"http:\/\/www.rc-kosice.sk\/wp-content\/uploads\/2016\/12\/Objednavky-03-2017-c.2-.pdf\">Objedn\u00e1vky 03 2017 \u010d.2<\/a><a href=\"http:\/\/www.rc-kosice.sk\/wp-content\/uploads\/2016\/12\/Objednavky-01-2017.pdf\"><br \/>\n<\/a><a href=\"http:\/\/www.rc-kosice.sk\/wp-content\/uploads\/2016\/12\/Objednavky-03-2017-c.3.pdf\">Objedn\u00e1vky 03 2017 \u010d.3<br \/>\n<\/a><a href=\"http:\/\/www.rc-kosice.sk\/wp-content\/uploads\/2016\/12\/Objednavky-04-2017-c.1.pdf\">Objedn\u00e1vky 04 2017 \u010d.1<br \/>\n<\/a><a href=\"http:\/\/www.rc-kosice.sk\/wp-content\/uploads\/2016\/12\/Objednavky-04-2017-c2.pdf\">Objedn\u00e1vky 04 2017 \u010d.2<br \/>\n<\/a><a href=\"http:\/\/www.rc-kosice.sk\/wp-content\/uploads\/2016\/12\/Objednavky-05-2017-c.1.pdf\">Objedn\u00e1vky 05 2017 \u010d.1<br \/>\n<\/a><a href=\"http:\/\/www.rc-kosice.sk\/wp-content\/uploads\/2016\/12\/Objednavky-05-2017-c.2.pdf\">Objedn\u00e1vky 05 2017 \u010d.2<br \/>\n<\/a><a href=\"http:\/\/www.rc-kosice.sk\/wp-content\/uploads\/2016\/12\/Objednavky-06-2017-c1.pdf\">Objedn\u00e1vky 06 2017 \u010d.1<\/a><br \/>\n<a href=\"http:\/\/www.rc-kosice.sk\/wp-content\/uploads\/2016\/12\/Objednavky-06-2017-c.2.pdf\">Objedn\u00e1vky 06 2017 \u010d.2<\/a><br \/>\n<a href=\"http:\/\/www.rc-kosice.sk\/wp-content\/uploads\/2016\/12\/Objednavky-07-2017.pdf\">Objedn\u00e1vky 07 2017<\/a><br \/>\n<a href=\"http:\/\/www.rc-kosice.sk\/wp-content\/uploads\/2016\/12\/Objednavky-08-2017.pdf\">Objedn\u00e1vky 08 2017<\/a><br \/>\n<a href=\"http:\/\/www.rc-kosice.sk\/wp-content\/uploads\/2016\/12\/Objednavky-09-2017.pdf\">Objedn\u00e1vky 09 2017<br \/>\n<\/a><a href=\"http:\/\/www.rc-kosice.sk\/wp-content\/uploads\/2013\/02\/Objednavky-10-2017.pdf\">Objedn\u00e1vky 10 2017<br \/>\n<\/a><a href=\"http:\/\/www.rc-kosice.sk\/wp-content\/uploads\/2017\/12\/objedn\u00e1vky-11.pdf\">Objedn\u00e1vky 11 2017<br \/>\n<\/a><a href=\"http:\/\/www.rc-kosice.sk\/wp-content\/uploads\/2018\/01\/Objednavky-12-2018.pdf\">Objedn\u00e1vky 12 2017<\/a><a href=\"http:\/\/www.rc-kosice.sk\/wp-content\/uploads\/2016\/12\/Objednavky-03-2017-c.3.pdf\"><br \/>\n<\/a><\/p>\n<p>&nbsp;<\/p>\n<p>&nbsp;<\/p>\n<p>&nbsp;<\/p>\n","protected":false},"excerpt":{"rendered":"<p>Objedn\u00e1vky 01 2017 Objedn\u00e1vky 02 2017 \u010d.1 Objedn\u00e1vky 02 2017 \u010d.2 Objedn\u00e1vky 03 2017 \u010d.1 Objedn\u00e1vky 03 2017 \u010d.2 Objedn\u00e1vky 03 2017 \u010d.3 Objedn\u00e1vky 04 2017 \u010d.1 Objedn\u00e1vky 04 2017 \u010d.2 Objedn\u00e1vky 05 2017 \u010d.1 Objedn\u00e1vky 05 2017 \u010d.2 Objedn\u00e1vky &hellip; <a href=\"https:\/\/www.rc-kosice.sk\/?page_id=986\">Pokra\u010dova\u0165 v \u010d\u00edtan\u00ed <span class=\"meta-nav\">&rarr;<\/span><\/a><\/p>\n","protected":false},"author":3,"featured_media":0,"parent":846,"menu_order":2,"comment_status":"closed","ping_status":"closed","template":"","meta":[],"aioseo_notices":[],"_links":{"self":[{"href":"https:\/\/www.rc-kosice.sk\/index.php?rest_route=\/wp\/v2\/pages\/986"}],"collection":[{"href":"https:\/\/www.rc-kosice.sk\/index.php?rest_route=\/wp\/v2\/pages"}],"about":[{"href":"https:\/\/www.rc-kosice.sk\/index.php?rest_route=\/wp\/v2\/types\/page"}],"author":[{"embeddable":true,"href":"https:\/\/www.rc-kosice.sk\/index.php?rest_route=\/wp\/v2\/users\/3"}],"replies":[{"embeddable":true,"href":"https:\/\/www.rc-kosice.sk\/index.php?rest_route=%2Fwp%2Fv2%2Fcomments&post=986"}],"version-history":[{"count":20,"href":"https:\/\/www.rc-kosice.sk\/index.php?rest_route=\/wp\/v2\/pages\/986\/revisions"}],"predecessor-version":[{"id":1179,"href":"https:\/\/www.rc-kosice.sk\/index.php?rest_route=\/wp\/v2\/pages\/986\/revisions\/1179"}],"up":[{"embeddable":true,"href":"https:\/\/www.rc-kosice.sk\/index.php?rest_route=\/wp\/v2\/pages\/846"}],"wp:attachment":[{"href":"https:\/\/www.rc-kosice.sk\/index.php?rest_route=%2Fwp%2Fv2%2Fmedia&parent=986"}],"curies":[{"name":"wp","href":"https:\/\/api.w.org\/{rel}","templated":true}]}}