{"id":701,"date":"2015-01-16T08:47:09","date_gmt":"2015-01-16T07:47:09","guid":{"rendered":"http:\/\/www.rc-kosice.sk\/?page_id=701"},"modified":"2021-02-02T08:43:08","modified_gmt":"2021-02-02T07:43:08","slug":"2015-2","status":"publish","type":"page","link":"https:\/\/www.rc-kosice.sk\/?page_id=701","title":{"rendered":"2015"},"content":{"rendered":"\n<p><a href=\"http:\/\/www.rc-kosice.sk\/wp-content\/uploads\/2015\/01\/faktury-2015-1.xls\" rel=\"\">Fakt\u00fary, objedn\u00e1vky, zmluvy 2015<\/a><br><a href=\"http:\/\/www.rc-kosice.sk\/wp-content\/uploads\/2013\/04\/Zmluva-Slovak-Telekom.pdf\"> Zmluva Slovak Telekom<\/a><br> <a href=\"http:\/\/www.rc-kosice.sk\/wp-content\/uploads\/2015\/01\/KZ-ovocie-a-zelenina-2015-TO-i-ONO.pdf\">KZ ovocie a zelenina 2015 TO i ONO<\/a><br> <a href=\"http:\/\/www.rc-kosice.sk\/wp-content\/uploads\/2015\/01\/KZ-01-2015-Labas.pdf\">KZ 01 2015 Laba\u0161<\/a><br> <a href=\"http:\/\/www.rc-kosice.sk\/wp-content\/uploads\/2015\/01\/KZ-02-2015-LABAS-s.r.o..pdf\">KZ 02 2015 LABA\u0160 s.r.o.<\/a><br> <a href=\"http:\/\/www.rc-kosice.sk\/wp-content\/uploads\/2015\/01\/KZ-03-2015-LABAS-s.r.o..pdf\">KZ 03 2015 LABA\u0160 s.r.o.<br> <\/a><a href=\"http:\/\/www.rc-kosice.sk\/wp-content\/uploads\/2015\/01\/KZ-04-2015-LABAS-s.r.o..pdf\">KZ 04 2015 LABA\u0160 s.r.o.<\/a><br> <a href=\"http:\/\/www.rc-kosice.sk\/wp-content\/uploads\/2015\/01\/KZ-2015-Maso-Zemplin-a.s..pdf\">KZ 2015 M\u00e4so Zempl\u00edn a.s.<\/a><br> <a href=\"http:\/\/www.rc-kosice.sk\/wp-content\/uploads\/2015\/01\/KZ-2015-Pekaren-Kurilova.pdf\">KZ 2015 Pek\u00e1re\u0148 Kurilov\u00e1<\/a><br> <a href=\"http:\/\/www.rc-kosice.sk\/wp-content\/uploads\/2015\/01\/KZ-FEGA-FROST-01-2015.pdf\">KZ FEGA FROST 01 2015<\/a><br> <a href=\"http:\/\/www.rc-kosice.sk\/wp-content\/uploads\/2015\/01\/KZ-FEGA-FROST-02-2015.pdf\">KZ FEGA FROST 02 2015<\/a><br> <a href=\"http:\/\/www.rc-kosice.sk\/wp-content\/uploads\/2015\/01\/KZ-zemiaky-2015-TO-i-ONO-.pdf\">KZ zemiaky 2015 TO i ONO<\/a><br> <a href=\"http:\/\/www.rc-kosice.sk\/wp-content\/uploads\/2015\/01\/Zmluva-SPP-a.s.2016.pdf\">Zmluva SPP a.s.2016<\/a><br> <a href=\"http:\/\/www.rc-kosice.sk\/wp-content\/uploads\/2015\/01\/Kupna-zmluva-Rajo-26938.pdf\">K\u00fapna zmluva Rajo 26938<\/a><br> <a href=\"http:\/\/www.rc-kosice.sk\/wp-content\/uploads\/2015\/01\/Kupna-zmluva-26939-Rajo.pdf\">K\u00fapna zmluva 26939 Rajo<br> <\/a><a href=\"http:\/\/www.rc-kosice.sk\/wp-content\/uploads\/2015\/01\/Dohoda-o-zmene-pr\u00edv-1-Livonec.pdf\" rel=\"\">Dohoda o zmene pr\u00e1v 1 Livonec<\/a><a href=\"http:\/\/www.rc-kosice.sk\/wp-content\/uploads\/2015\/01\/Kupna-zmluva-26939-Rajo.pdf\"><br> <\/a><a href=\"http:\/\/www.rc-kosice.sk\/wp-content\/uploads\/2015\/01\/Dohoda-o-zmene-prav-2-Livonec.pdf\" rel=\"\">Dohoda o zmene pr\u00e1v 2 Livonec<\/a><a href=\"http:\/\/www.rc-kosice.sk\/wp-content\/uploads\/2015\/01\/Kupna-zmluva-26939-Rajo.pdf\"><br> <\/a><a href=\"http:\/\/www.rc-kosice.sk\/wp-content\/uploads\/2015\/01\/Kupna-zmluva-TO-i-ONO.pdf\" rel=\"\">K\u00fapna zmluva TO i ONO<\/a><br> <a href=\"http:\/\/www.rc-kosice.sk\/wp-content\/uploads\/2015\/01\/Kupna-zmluva-Maso-Zemplin.pdf\" rel=\"\">K\u00fapna zmluva M\u00e4so Zempl\u00edn<\/a><br> <a href=\"http:\/\/www.rc-kosice.sk\/wp-content\/uploads\/2015\/01\/R\u00e1mcova-zmluva-Pekaren.pdf\" rel=\"\">R\u00e1mcova zmluva Pek\u00e1re\u0148<\/a><br> <a href=\"http:\/\/www.rc-kosice.sk\/wp-content\/uploads\/2015\/01\/Zmluva-c-4-NP-1472-2015.pdf\" rel=\"\">Zmluva \u010d. 4 NP 1472 2015<br> <\/a><a href=\"http:\/\/www.rc-kosice.sk\/wp-content\/uploads\/2015\/01\/ZoD-12-B-2015.pdf\" rel=\"\">ZoD 12 B 2015<\/a><br> <a href=\"http:\/\/www.rc-kosice.sk\/wp-content\/uploads\/2015\/01\/KZ-Fega-Frost-tuky.pdf\" rel=\"\">KZ Fega Frost tuky<br> <\/a><a href=\"http:\/\/www.rc-kosice.sk\/wp-content\/uploads\/2015\/01\/KZ-Fega-Frost-zmrazene-potraviny.pdf\" rel=\"\">KZ Fega Frost zmrazen\u00e9 potraviny<\/a><a href=\"http:\/\/www.rc-kosice.sk\/wp-content\/uploads\/2015\/01\/ZoD-12-B-2015.pdf\" rel=\"\"><br> <\/a><a href=\"http:\/\/www.rc-kosice.sk\/wp-content\/uploads\/2015\/01\/KZ-Fega-Frost-tuky.pdf\" rel=\"\">KZ Fega Frost tuky<\/a><a href=\"http:\/\/www.rc-kosice.sk\/wp-content\/uploads\/2015\/01\/Zmluva-c-4-NP-1472-2015.pdf\" rel=\"\"><br> <\/a><\/p>\n\n\n\n<div class=\"wp-block-file\"><a href=\"https:\/\/www.rc-kosice.sk\/wp-content\/uploads\/2021\/02\/Kolektivna-zmluva-rok-2015.pdf\">Kolekt\u00edvna zmluva &#8211; rok 2015<\/a><a href=\"https:\/\/www.rc-kosice.sk\/wp-content\/uploads\/2021\/02\/Kolektivna-zmluva-rok-2015.pdf\" class=\"wp-block-file__button\" download>Stiahnu\u0165<\/a><\/div>\n","protected":false},"excerpt":{"rendered":"<p>Fakt\u00fary, objedn\u00e1vky, zmluvy 2015 Zmluva Slovak Telekom KZ ovocie a zelenina 2015 TO i ONO KZ 01 2015 Laba\u0161 KZ 02 2015 LABA\u0160 s.r.o. KZ 03 2015 LABA\u0160 s.r.o. KZ 04 2015 LABA\u0160 s.r.o. KZ 2015 M\u00e4so Zempl\u00edn a.s. KZ &hellip; <a href=\"https:\/\/www.rc-kosice.sk\/?page_id=701\">Pokra\u010dova\u0165 v \u010d\u00edtan\u00ed <span class=\"meta-nav\">&rarr;<\/span><\/a><\/p>\n","protected":false},"author":3,"featured_media":0,"parent":19,"menu_order":5,"comment_status":"closed","ping_status":"closed","template":"","meta":[],"aioseo_notices":[],"_links":{"self":[{"href":"https:\/\/www.rc-kosice.sk\/index.php?rest_route=\/wp\/v2\/pages\/701"}],"collection":[{"href":"https:\/\/www.rc-kosice.sk\/index.php?rest_route=\/wp\/v2\/pages"}],"about":[{"href":"https:\/\/www.rc-kosice.sk\/index.php?rest_route=\/wp\/v2\/types\/page"}],"author":[{"embeddable":true,"href":"https:\/\/www.rc-kosice.sk\/index.php?rest_route=\/wp\/v2\/users\/3"}],"replies":[{"embeddable":true,"href":"https:\/\/www.rc-kosice.sk\/index.php?rest_route=%2Fwp%2Fv2%2Fcomments&post=701"}],"version-history":[{"count":23,"href":"https:\/\/www.rc-kosice.sk\/index.php?rest_route=\/wp\/v2\/pages\/701\/revisions"}],"predecessor-version":[{"id":1604,"href":"https:\/\/www.rc-kosice.sk\/index.php?rest_route=\/wp\/v2\/pages\/701\/revisions\/1604"}],"up":[{"embeddable":true,"href":"https:\/\/www.rc-kosice.sk\/index.php?rest_route=\/wp\/v2\/pages\/19"}],"wp:attachment":[{"href":"https:\/\/www.rc-kosice.sk\/index.php?rest_route=%2Fwp%2Fv2%2Fmedia&parent=701"}],"curies":[{"name":"wp","href":"https:\/\/api.w.org\/{rel}","templated":true}]}}